{"id":445,"date":"2020-04-23T13:38:27","date_gmt":"2020-04-23T11:38:27","guid":{"rendered":"http:\/\/www.sv-boeblingen.de\/leichtathletikneu\/?page_id=445"},"modified":"2025-09-29T23:01:19","modified_gmt":"2025-09-29T21:01:19","slug":"mitglied-werden-beitraege","status":"publish","type":"page","link":"https:\/\/www.sv-boeblingen.de\/leichtathletik\/mitglied-werden-beitraege\/","title":{"rendered":"MITGLIED werden \/ Beitr\u00e4ge"},"content":{"rendered":"\r\n<p>Wir freuen uns, dass Sie \/ Du sich f\u00fcr eine Mitgliedschaft in der SV B\u00f6blingen Leichtathletik interessieren. Verbunden mit dem Eintritt in die Abteilung Leichtathletik ist die Mitgliedschaft im Hauptverein der SV B\u00f6blingen. Ist man dort bereits Mitglied, f\u00e4llt diese nat\u00fcrlich nicht nochmal an.<\/p>\r\n<p>Der Beitritt erfolgt nur noch online \u00fcber dieses <a href=\"https:\/\/svboeblingen.pw-ng.de\/Frontend\/Home\/NewMember\" target=\"_blank\" rel=\"noopener\">Formular<\/a>.<\/p>\r\n<p>Die Mitgliedsbeitr\u00e4ge des Hauptvereins finden sich unter <a href=\"https:\/\/www.sv-boeblingen.de\/mitgliedschaftneu\/preise-beitraege\/\" target=\"_blank\" rel=\"noreferrer noopener\">https:\/\/www.sv-boeblingen.de\/mitgliedschaftneu\/preise-beitraege\/<\/a><br \/>Der Jahresbeitrag der Leichtathletik Abteilung ist (Stand 2018):<\/p>\r\n\r\n\r\n\r\n<figure class=\"wp-block-table\">\r\n<table>\r\n<tbody>\r\n<tr>\r\n<td>Erwachsener\/Jugendlicher\/Kind<\/td>\r\n<td>EUR 40,- (ab 2026: EUR 60,-)<\/td>\r\n<\/tr>\r\n<tr>\r\n<td>2. Kind<\/td>\r\n<td>EUR 25,- (ab 2026: EUR 30,-)<\/td>\r\n<\/tr>\r\n<tr>\r\n<td>3. Kind<\/td>\r\n<td>freigestellt (ab 2026: keine Freistellung)<\/td>\r\n<\/tr>\r\n<tr>\r\n<td>Student\/Azubi\/ab 65 Jahre<br \/>(ab 2026: auch f\u00fcr FSJ\/BuFDi\/Wehrdienstleistende &#8211; nicht mehr f\u00fcr Senioren ab 65)<\/td>\r\n<td>EUR 25,- (ab 2026: EUR 30,-)\u00a0<\/td>\r\n<\/tr>\r\n<tr>\r\n<td>Ehepaar mit Trainingsteilnahme (ab 2026 gestrichen)<\/td>\r\n<td>EUR 50,-<\/td>\r\n<\/tr>\r\n<tr>\r\n<td>Ehepaar ohne Trainingsteilnahme (ab 2026 gestrichen)<\/td>\r\n<td>EUR 45,-<\/td>\r\n<\/tr>\r\n<tr>\r\n<td>Ehrenmitglied\u00a0<\/td>\r\n<td>freigestellt<\/td>\r\n<\/tr>\r\n<\/tbody>\r\n<\/table>\r\n<\/figure>\r\n\r\n\r\n","protected":false},"excerpt":{"rendered":"<p>Wir freuen uns, dass Sie \/ Du sich f\u00fcr eine Mitgliedschaft in der SV B\u00f6blingen Leichtathletik interessieren. Verbunden mit dem Eintritt in die Abteilung Leichtathletik ist die Mitgliedschaft im Hauptverein der SV B\u00f6blingen. Ist man dort bereits Mitglied, f\u00e4llt diese nat\u00fcrlich nicht nochmal an. Der Beitritt erfolgt nur noch online \u00fcber dieses Formular. Die Mitgliedsbeitr\u00e4ge [&hellip;]<\/p>\n","protected":false},"author":3,"featured_media":0,"parent":0,"menu_order":0,"comment_status":"closed","ping_status":"closed","template":"","meta":{"footnotes":""},"class_list":["post-445","page","type-page","status-publish","hentry"],"yoast_head":"<!-- This site is optimized with the Yoast SEO plugin v22.2 - https:\/\/yoast.com\/wordpress\/plugins\/seo\/ -->\n<title>MITGLIED werden \/ Beitr\u00e4ge - Leichtathletik - Sportvereinigung B\u00f6blingen e.V.<\/title>\n<meta name=\"robots\" content=\"index, follow, max-snippet:-1, max-image-preview:large, max-video-preview:-1\" \/>\n<link rel=\"canonical\" href=\"https:\/\/www.sv-boeblingen.de\/leichtathletik\/mitglied-werden-beitraege\/\" \/>\n<meta property=\"og:locale\" content=\"de_DE\" \/>\n<meta property=\"og:type\" content=\"article\" \/>\n<meta property=\"og:title\" content=\"MITGLIED werden \/ Beitr\u00e4ge - Leichtathletik - Sportvereinigung B\u00f6blingen e.V.\" \/>\n<meta property=\"og:description\" content=\"Wir freuen uns, dass Sie \/ Du sich f\u00fcr eine Mitgliedschaft in der SV B\u00f6blingen Leichtathletik interessieren. Verbunden mit dem Eintritt in die Abteilung Leichtathletik ist die Mitgliedschaft im Hauptverein der SV B\u00f6blingen. Ist man dort bereits Mitglied, f\u00e4llt diese nat\u00fcrlich nicht nochmal an. Der Beitritt erfolgt nur noch online \u00fcber dieses Formular. Die Mitgliedsbeitr\u00e4ge [&hellip;]\" \/>\n<meta property=\"og:url\" content=\"https:\/\/www.sv-boeblingen.de\/leichtathletik\/mitglied-werden-beitraege\/\" \/>\n<meta property=\"og:site_name\" content=\"Leichtathletik - Sportvereinigung B\u00f6blingen e.V.\" \/>\n<meta property=\"article:modified_time\" content=\"2025-09-29T21:01:19+00:00\" \/>\n<meta name=\"twitter:card\" content=\"summary_large_image\" \/>\n<meta name=\"twitter:label1\" content=\"Gesch\u00e4tzte Lesezeit\" \/>\n\t<meta name=\"twitter:data1\" content=\"1\u00a0Minute\" \/>\n<script type=\"application\/ld+json\" class=\"yoast-schema-graph\">{\"@context\":\"https:\/\/schema.org\",\"@graph\":[{\"@type\":\"WebPage\",\"@id\":\"https:\/\/www.sv-boeblingen.de\/leichtathletik\/mitglied-werden-beitraege\/\",\"url\":\"https:\/\/www.sv-boeblingen.de\/leichtathletik\/mitglied-werden-beitraege\/\",\"name\":\"MITGLIED werden \/ Beitr\u00e4ge - Leichtathletik - Sportvereinigung B\u00f6blingen e.V.\",\"isPartOf\":{\"@id\":\"https:\/\/www.sv-boeblingen.de\/leichtathletik\/#website\"},\"datePublished\":\"2020-04-23T11:38:27+00:00\",\"dateModified\":\"2025-09-29T21:01:19+00:00\",\"breadcrumb\":{\"@id\":\"https:\/\/www.sv-boeblingen.de\/leichtathletik\/mitglied-werden-beitraege\/#breadcrumb\"},\"inLanguage\":\"de\",\"potentialAction\":[{\"@type\":\"ReadAction\",\"target\":[\"https:\/\/www.sv-boeblingen.de\/leichtathletik\/mitglied-werden-beitraege\/\"]}]},{\"@type\":\"BreadcrumbList\",\"@id\":\"https:\/\/www.sv-boeblingen.de\/leichtathletik\/mitglied-werden-beitraege\/#breadcrumb\",\"itemListElement\":[{\"@type\":\"ListItem\",\"position\":1,\"name\":\"Home\",\"item\":\"https:\/\/www.sv-boeblingen.de\/leichtathletik\/\"},{\"@type\":\"ListItem\",\"position\":2,\"name\":\"MITGLIED werden \/ Beitr\u00e4ge\"}]},{\"@type\":\"WebSite\",\"@id\":\"https:\/\/www.sv-boeblingen.de\/leichtathletik\/#website\",\"url\":\"https:\/\/www.sv-boeblingen.de\/leichtathletik\/\",\"name\":\"Leichtathletik - Sportvereinigung B\u00f6blingen e.V.\",\"description\":\"Wir bewegen B\u00f6blingen.\",\"potentialAction\":[{\"@type\":\"SearchAction\",\"target\":{\"@type\":\"EntryPoint\",\"urlTemplate\":\"https:\/\/www.sv-boeblingen.de\/leichtathletik\/?s={search_term_string}\"},\"query-input\":\"required name=search_term_string\"}],\"inLanguage\":\"de\"}]}<\/script>\n<!-- \/ Yoast SEO plugin. -->","yoast_head_json":{"title":"MITGLIED werden \/ Beitr\u00e4ge - Leichtathletik - Sportvereinigung B\u00f6blingen e.V.","robots":{"index":"index","follow":"follow","max-snippet":"max-snippet:-1","max-image-preview":"max-image-preview:large","max-video-preview":"max-video-preview:-1"},"canonical":"https:\/\/www.sv-boeblingen.de\/leichtathletik\/mitglied-werden-beitraege\/","og_locale":"de_DE","og_type":"article","og_title":"MITGLIED werden \/ Beitr\u00e4ge - Leichtathletik - Sportvereinigung B\u00f6blingen e.V.","og_description":"Wir freuen uns, dass Sie \/ Du sich f\u00fcr eine Mitgliedschaft in der SV B\u00f6blingen Leichtathletik interessieren. Verbunden mit dem Eintritt in die Abteilung Leichtathletik ist die Mitgliedschaft im Hauptverein der SV B\u00f6blingen. Ist man dort bereits Mitglied, f\u00e4llt diese nat\u00fcrlich nicht nochmal an. Der Beitritt erfolgt nur noch online \u00fcber dieses Formular. Die Mitgliedsbeitr\u00e4ge [&hellip;]","og_url":"https:\/\/www.sv-boeblingen.de\/leichtathletik\/mitglied-werden-beitraege\/","og_site_name":"Leichtathletik - Sportvereinigung B\u00f6blingen e.V.","article_modified_time":"2025-09-29T21:01:19+00:00","twitter_card":"summary_large_image","twitter_misc":{"Gesch\u00e4tzte Lesezeit":"1\u00a0Minute"},"schema":{"@context":"https:\/\/schema.org","@graph":[{"@type":"WebPage","@id":"https:\/\/www.sv-boeblingen.de\/leichtathletik\/mitglied-werden-beitraege\/","url":"https:\/\/www.sv-boeblingen.de\/leichtathletik\/mitglied-werden-beitraege\/","name":"MITGLIED werden \/ Beitr\u00e4ge - Leichtathletik - Sportvereinigung B\u00f6blingen e.V.","isPartOf":{"@id":"https:\/\/www.sv-boeblingen.de\/leichtathletik\/#website"},"datePublished":"2020-04-23T11:38:27+00:00","dateModified":"2025-09-29T21:01:19+00:00","breadcrumb":{"@id":"https:\/\/www.sv-boeblingen.de\/leichtathletik\/mitglied-werden-beitraege\/#breadcrumb"},"inLanguage":"de","potentialAction":[{"@type":"ReadAction","target":["https:\/\/www.sv-boeblingen.de\/leichtathletik\/mitglied-werden-beitraege\/"]}]},{"@type":"BreadcrumbList","@id":"https:\/\/www.sv-boeblingen.de\/leichtathletik\/mitglied-werden-beitraege\/#breadcrumb","itemListElement":[{"@type":"ListItem","position":1,"name":"Home","item":"https:\/\/www.sv-boeblingen.de\/leichtathletik\/"},{"@type":"ListItem","position":2,"name":"MITGLIED werden \/ Beitr\u00e4ge"}]},{"@type":"WebSite","@id":"https:\/\/www.sv-boeblingen.de\/leichtathletik\/#website","url":"https:\/\/www.sv-boeblingen.de\/leichtathletik\/","name":"Leichtathletik - Sportvereinigung B\u00f6blingen e.V.","description":"Wir bewegen B\u00f6blingen.","potentialAction":[{"@type":"SearchAction","target":{"@type":"EntryPoint","urlTemplate":"https:\/\/www.sv-boeblingen.de\/leichtathletik\/?s={search_term_string}"},"query-input":"required name=search_term_string"}],"inLanguage":"de"}]}},"_links":{"self":[{"href":"https:\/\/www.sv-boeblingen.de\/leichtathletik\/wp-json\/wp\/v2\/pages\/445","targetHints":{"allow":["GET"]}}],"collection":[{"href":"https:\/\/www.sv-boeblingen.de\/leichtathletik\/wp-json\/wp\/v2\/pages"}],"about":[{"href":"https:\/\/www.sv-boeblingen.de\/leichtathletik\/wp-json\/wp\/v2\/types\/page"}],"author":[{"embeddable":true,"href":"https:\/\/www.sv-boeblingen.de\/leichtathletik\/wp-json\/wp\/v2\/users\/3"}],"replies":[{"embeddable":true,"href":"https:\/\/www.sv-boeblingen.de\/leichtathletik\/wp-json\/wp\/v2\/comments?post=445"}],"version-history":[{"count":8,"href":"https:\/\/www.sv-boeblingen.de\/leichtathletik\/wp-json\/wp\/v2\/pages\/445\/revisions"}],"predecessor-version":[{"id":1223,"href":"https:\/\/www.sv-boeblingen.de\/leichtathletik\/wp-json\/wp\/v2\/pages\/445\/revisions\/1223"}],"wp:attachment":[{"href":"https:\/\/www.sv-boeblingen.de\/leichtathletik\/wp-json\/wp\/v2\/media?parent=445"}],"curies":[{"name":"wp","href":"https:\/\/api.w.org\/{rel}","templated":true}]}}